-197. Let j = 98 - l. What is the units digit of j?
0
Let w(u) = -2*u**3 - 45*u**2 - 27*u - 245. Let g(p) = p**3 + 23*p**2 + 14*p + 124. Let c(q) = -11*g(q) - 6*w(q). What is the units digit of c(-12)?
0
Suppose 3*f - 4*f + 26 = 5*x, 3*x = 4*f - 104. Suppose -5144 = -5*o + f. What is the units digit of o?
4
Let v be 21*(4 - (7 - (-3 + 7))). Let u(y) = 47*y - 2. Let m be u(4). Let a = m - v. What is the tens digit of a?
6
Let n(t) = 2*t**3 - t**2 + 3*t - 3. Let h be (-310)/(-7) + 3*(-10)/105. Suppose 0 = -v + h - 41. What is the tens digit of n(v)?
5
Let h(m) = -6*m**2 - 8*m - 17. Let f be h(-4). Let o = f + 351. What is the hundreds digit of o?
2
Let c(f) = -412*f + 1260. What is the units digit of c(-16)?
2
Let t be -2*(-6 - (-5 - -4)). Suppose -5*m + t*m = -2*z + 30, z = m - 13. Suppose -226 - 726 = -m*h. What is the hundreds digit of h?
1
Let a be 8/(-68) - 435/(-85). Suppose -1313 = -3*x + 5*m + 2254, -a*x = -5*m - 5935. What is the hundreds digit of x?
1
Let l = 58 - 24. Suppose -l*y + 28048 + 5816 = 0. What is the hundreds digit of y?
9
Let m(x) = -x**3 - 14*x**2 - 11*x + 19. Let r be m(-10). Let a = -135 - r. What is the tens digit of a?
3
Let a(w) = 102*w + 1205. What is the thousands digit of a(0)?
1
Let u(c) be the third derivative of -c**6/24 - 7*c**5/60 + 11*c**4/24 - c**3/2 - 126*c**2. What is the hundreds digit of u(-7)?
2
Let m(o) = 25*o**2 + o + 19. What is the units digit of m(-11)?
3
Let x be (-4 - (-6)/2)*-8. Suppose -2*c - 1542 = -x*c. Suppose -3*i + 174 = -2*z - c, -3*i + z + 427 = 0. What is the tens digit of i?
4
Let f(u) = -u**3 + 6*u**2 + 9*u + 108. Suppose 2*y - 8 + 26 = 0. What is the units digit of f(y)?
2
Let o = 77 - 72. Suppose 9 = 3*t, -2*h + 2*t + o + 3 = 0. What is the tens digit of (h + -6)*(-11)/(-3 - -2)?
1
Let w be (1 - 420)*-1 - -1. Let f = 94 - -1578. What is the units digit of ((-24)/(-5))/(4 - f/w)?
2
Let j(h) = 1307*h**2 + 48*h + 14. What is the hundreds digit of j(4)?
1
What is the ten thousands digit of (-16)/(-28) - 544892/(-28)?
1
Let k(j) = 5*j + 70. Let w be k(-13). Suppose -4*y = -2*u - 54, 0 = -w*y + 5*u + 93 - 33. Suppose -y*o + 3432 = -4*o. What is the hundreds digit of o?
3
Let s(w) = 549*w**3 + w**2 - 685*w + 2744. What is the tens digit of s(4)?
5
Suppose -4*b + 2*s + 175704 = 0, -5*s + 125669 - 37781 = 2*b. What is the units digit of b?
9
Let h(w) = 170*w**3 + 3*w**2 - 35*w + 161. What is the thousands digit of h(4)?
0
Suppose 41*x - 346006 - 673049 = 0. What is the tens digit of x?
5
What is the thousands digit of ((-2)/(-3) + 290/60)*(1227 - -3)?
6
What is the hundreds digit of 116093/(-119)*7/(-4) - (-4)/(-16)?
7
Let b(j) = -j**3 - 8*j**2 - 2*j - 11. Let u be b(-7). What is the units digit of (-91 - -1)/(u/575)?
5
Let a = 103 + -60. Suppose -40*h - 6 = -a*h. Suppose 3*u - h*r - 257 = 0, 3*r - 8 = 7. What is the units digit of u?
9
Let w be 20/(-2*1)*(-13)/65. Suppose -w*f + 233 = -433. What is the units digit of f?
3
Let z = 89 + -91. Let u(o) = -124*o + 2. Let x be u(z). Let w = 414 - x. What is the units digit of w?
4
What is the hundreds digit of 8/104 + -1198*932/(-104)?
7
What is the hundreds digit of 25/((-425)/34) + 5517 + -1?
5
Let y(g) = 2*g + 3. Let t be y(6). Suppose t - 18 = -c. What is the units digit of (-4 + (-92)/(-3))*c?
0
Let l be 0/(0 - 2) - -7. Let b = -15989 - -16813. Suppose -15*q + l*q = -b. What is the units digit of q?
3
Let b = 55 - 49. Suppose -b*l = l - 35. Suppose -5*n - 48 = -3*f, 0 = 3*f + 2*f + l*n - 40. What is the tens digit of f?
1
What is the units digit of (3 - (-28)/(-6))/(35/(-1502655))?
5
Let o be (-10056)/(-11) - 52/286. Suppose -3*s = -9*n + 14*n - 1339, -2*s + 2*n = -o. What is the hundreds digit of s?
4
Let j(k) = 62953*k**2 + 132*k - 129. What is the thousands digit of j(1)?
2
Let o(p) = 29*p**2 - p - 19. Let z(w) = -2*w**2 + 19*w - 48. Let f be z(5). What is the hundreds digit of o(f)?
2
What is the ten thousands digit of (27 + 1)/(-4) - (-230622)/21?
1
Let o = -1 + 5. Let k(z) be the third derivative of 7*z**4/8 - z**3/6 - 32*z**2. What is the tens digit of k(o)?
8
Let i be -2 - (-5 - -11)*-1. Suppose -4*s + 1243 = -3*j, s + i*j = 3*j + 302. What is the hundreds digit of s?
3
Let a(b) = -213*b**3 + 3*b**2 - 2*b. Let t be a(1). Let l = t + 488. Suppose 0 = 20*v - 23*v + l. What is the units digit of v?
2
Suppose -2*n = -3*u - 2208, -5*n - 26*u = -24*u - 5501. Let f = n + -376. What is the units digit of f?
5
Suppose -7*c - 180640 = 44*c - 639385. What is the tens digit of c?
9
Let y be -1 + 26 + 4/(-4) + 4. Suppose -c = -3*c - y. What is the units digit of (-1852)/c - (-12)/(-42)?
2
Let y = 37 + -37. Suppose 2*o = -4*i + 176, 3*i = -y*i - 4*o + 142. Suppose 37*u = i*u - 75. What is the units digit of u?
5
Suppose 0 = 5*b + 18*b + 65*b - 4233768. What is the thousands digit of b?
8
Suppose 5*d - 43 = 137. Let s = d + -31. Suppose -3*h = -4*i + 92, -3*i = -0*i - s*h - 80. What is the tens digit of i?
2
Let b(l) = 8*l**2 + 3*l - 12. Let g be (-10)/45 + 52/(-9). Let m be b(g). Suppose -q = -3*n + m, -4*n + q + 328 = 5*q. What is the units digit of n?
5
Let a(q) = -4*q + 2. Let c be a(-10). Let l be (30/c)/(3/21). Suppose 3*z = l*z - 50. What is the tens digit of z?
2
Let x = -330 - -954. Let g = x + 461. What is the tens digit of g?
8
Let d = -18687 + 36081. What is the units digit of d?
4
Let t be 2*(-3)/(-8) + (-95)/(-76). Let n be (t - 1) + 4656/16. Suppose o = v - 95, -o - 3*o + n = 3*v. What is the units digit of v?
6
Suppose 138*b - 141*b + 3762 = 0. What is the units digit of ((-48)/(-36))/(4/b)?
8
Let p(t) = 75*t**2 + 1164*t + 5. What is the thousands digit of p(-19)?
4
Suppose 5*f = 4*y - 2004, -2*y - 12 = y. Let i = f + 623. What is the tens digit of i?
1
Suppose 4*c = -5*c + 3*c + 59118. What is the units digit of c?
3
Suppose 24 = 3*r + a - 4*a, 4*r = -a + 12. Suppose -3*h = -0*c - c - r, -10 = -5*c. Suppose -h*t - 210 = -5*t. What is the tens digit of t?
7
What is the units digit of (-4)/(-3) - (-5)/((-195)/(-712166))?
2
Suppose 5*h = 3*p - 5, 0 = -3*p + h + 13. Suppose 387 - 2652 = -p*w. What is the units digit of w?
3
Suppose -3*t = -0*t - 9, 0 = 5*k - 4*t - 288. Let c = k - 50. What is the units digit of ((-8)/c)/((-10)/775)?
2
Suppose -10*y + 265846 = 10*y - 3*y. What is the units digit of y?
8
Suppose -5*v = -10, 0*z - 4*z - 2*v = -512. Let h = -43 + z. Suppose 4*f = -q + 5*q - 192, h = 2*q + 4*f. What is the tens digit of q?
4
Let t(c) = -c**2 - 12*c - 20. Suppose -3*v - 2*f + 19 = 55, -3*f + 21 = -3*v. Let o be t(v). Suppose s = -o*s + 13. What is the tens digit of s?
1
Let f = 483 - 476. What is the units digit of 4256/f + 15 + -7?
6
Suppose 458 = 3*v + 1862. Suppose 2*f + 2*y - 1342 = 38, 1395 = 2*f - 3*y. Let b = f + v. What is the tens digit of b?
2
Let v = -59 - -104. Suppose v = -10*w + 5*w. What is the tens digit of (-28)/(-6)*(w + 4 - -11)?
2
What is the units digit of 9 - (7 - 18 - 666)?
6
Let b = 12 - 2. Suppose 119 = 5*y - 3*z, 2*y - 14*z + b*z = 56. Let t = y - 11. What is the units digit of t?
1
Let f(h) = 5*h**3 - 13*h**2 + 59*h - 174. What is the tens digit of f(24)?
7
Let p(b) = -246*b**3 + 2*b**2 + 35*b + 74. What is the thousands digit of p(-3)?
6
Suppose -12 = -g - 3*g. Suppose -18 = 3*x - g. Let k(l) = -2*l**3 - 2*l**2 - l - 5. What is the units digit of k(x)?
0
Let t = 589 + -627. What is the tens digit of (-1 + -938)*t/57?
2
Let h(n) = -2*n**3 + 11*n**2 - 4*n - 3. Let u be h(5). Let y(g) = -g**3 - 8*g**2 + 11*g + 7. Let c be y(-10). What is the tens digit of (u + 0)/(2/c)?
9
Suppose 6*f = 2*f + 16, -2*f - 370 = -i. Suppose -5*m + 4*w = -i - 217, w - 374 = -3*m. What is the units digit of 12/(4 - 7) + m?
9
Let r(i) = -10*i**3 - 16*i**2 - 167*i - 2397. What is the tens digit of r(-19)?
9
Let c = -1693 + 644. Let u = 1810 + c. What is the tens digit of u?
6
Let o(p) = 102*p + 1376. What is the hundreds digit of o(-8)?
5
Let k(y) = 4*y + 62. Let c be k(-15). Suppose 6*s = -c*s + 1704. What is the hundreds digit of s?
2
What is the tens digit of ((-20)/(-14))/((-1700)/(-5702480))?
9
Let b = -94 - -72. Let d(x) = -2*x - 42. Let g be d(b). Suppose -5*i = 2*f - 394, -g*f + 0*i - i + 386 = 0. What is the units digit of f?
2
Let w(y) = -3*y**3 + 2*y**2 - 132*y - 10. What is the hundreds digit of w(-8)?
7
Su